{"id":502,"date":"2024-02-28T16:52:09","date_gmt":"2024-02-28T15:52:09","guid":{"rendered":"https:\/\/uhudler.eu\/wordpress\/?post_type=product&#038;p=502"},"modified":"2024-03-24T17:37:48","modified_gmt":"2024-03-24T16:37:48","slug":"uhudler-frizzante-033l","status":"publish","type":"product","link":"https:\/\/uhudler.eu\/wordpress\/produkt\/uhudler-frizzante-033l\/","title":{"rendered":"Uhudler Frizzante 0,2l (AB HOF)"},"content":{"rendered":"","protected":false},"excerpt":{"rendered":"<p><strong>Erfrischend spritziger Frizzante (Schaumwein) 0,2 Liter mit typischem Waldbeerenduft, fruchtig und w\u00fcrzig im Geschmack, prickelnd mit sp\u00fcrbar angenehmer Rests\u00fc\u00dfe.<\/strong><\/p>\n<p>(Enth\u00e4lt Sulfite)<\/p>\n","protected":false},"featured_media":497,"template":"","meta":{"_crdt_document":""},"product_brand":[],"product_cat":[186,18],"product_tag":[],"class_list":{"0":"post-502","1":"product","2":"type-product","3":"status-publish","4":"has-post-thumbnail","6":"product_cat-selbstabholung","7":"product_cat-unsere-produkte","9":"first","10":"instock","11":"shipping-taxable","12":"purchasable","13":"product-type-simple"},"jetpack_sharing_enabled":true,"_links":{"self":[{"href":"https:\/\/uhudler.eu\/wordpress\/wp-json\/wp\/v2\/product\/502","targetHints":{"allow":["GET"]}}],"collection":[{"href":"https:\/\/uhudler.eu\/wordpress\/wp-json\/wp\/v2\/product"}],"about":[{"href":"https:\/\/uhudler.eu\/wordpress\/wp-json\/wp\/v2\/types\/product"}],"wp:featuredmedia":[{"embeddable":true,"href":"https:\/\/uhudler.eu\/wordpress\/wp-json\/wp\/v2\/media\/497"}],"wp:attachment":[{"href":"https:\/\/uhudler.eu\/wordpress\/wp-json\/wp\/v2\/media?parent=502"}],"wp:term":[{"taxonomy":"product_brand","embeddable":true,"href":"https:\/\/uhudler.eu\/wordpress\/wp-json\/wp\/v2\/product_brand?post=502"},{"taxonomy":"product_cat","embeddable":true,"href":"https:\/\/uhudler.eu\/wordpress\/wp-json\/wp\/v2\/product_cat?post=502"},{"taxonomy":"product_tag","embeddable":true,"href":"https:\/\/uhudler.eu\/wordpress\/wp-json\/wp\/v2\/product_tag?post=502"}],"curies":[{"name":"wp","href":"https:\/\/api.w.org\/{rel}","templated":true}]}}